{"id":830,"date":"2024-09-19T08:35:07","date_gmt":"2024-09-19T08:35:07","guid":{"rendered":"https:\/\/www.alas.no\/?post_type=alas-anbefaling&#038;p=830"},"modified":"2025-04-18T12:06:04","modified_gmt":"2025-04-18T12:06:04","slug":"location-de-voitures-dans-le-nord-de-la-norvege-alas-car-hire","status":"publish","type":"alas-anbefaling","link":"https:\/\/www.alas.no\/fr\/alas-anbefaling\/leiebil-i-nord-norge-alas-leiebil\/","title":{"rendered":"Le nord de la Norv\u00e8ge avec Alas car hire"},"content":{"rendered":"<div data-elementor-type=\"wp-post\" data-elementor-id=\"830\" class=\"elementor elementor-830\" data-elementor-post-type=\"alas-anbefaling\">\n\t\t\t\t<div class=\"elementor-element elementor-element-ce4d94a e-con-full e-flex e-con e-parent\" data-id=\"ce4d94a\" data-element_type=\"container\" data-e-type=\"container\">\n\t\t\t\t<div class=\"elementor-element elementor-element-06e1999 elementor-widget elementor-widget-text-editor\" data-id=\"06e1999\" data-element_type=\"widget\" data-e-type=\"widget\" data-widget_type=\"text-editor.default\">\n\t\t\t\t<div class=\"elementor-widget-container\">\n\t\t\t\t\t\t\t\t\t<p>Vous cherchez \u00e0 louer une voiture dans le nord de la Norv\u00e8ge ?  Alas car hire est situ\u00e9 dans la municipalit\u00e9 de Salangen, dans le comt\u00e9 de Troms. Nous sommes parfaitement situ\u00e9s si vous venez en Norv\u00e8ge du Nord pour vivre des exp\u00e9riences en pleine nature. Le r\u00eave des aurores bor\u00e9ales, du soleil de minuit, des montagnes, des fjords et de la nature intacte n'est pas un r\u00eave pour nous qui vivons ici. C'est la vie de tous les jours, et vous \u00eates invit\u00e9s ! N'h\u00e9sitez pas \u00e0 nous demander des conseils sur les lieux d'h\u00e9bergement et les \u00e9l\u00e9ments \u00e0 prendre en compte si vous n'\u00eates jamais venu dans la r\u00e9gion. Si vous souhaitez visiter la r\u00e9gion, trouver des endroits sans bruit pour photographier les aurores bor\u00e9ales, une voiture de location Alas vous emm\u00e8nera l\u00e0 o\u00f9 vous voulez aller. Nous apportons la voiture \u00e0 l'a\u00e9roport o\u00f9 vous arrivez. Nous la r\u00e9cup\u00e9rons \u00e0 votre d\u00e9part.<\/p>\t\t\t\t\t\t\t\t<\/div>\n\t\t\t\t<\/div>\n\t\t\t\t<\/div>\n\t\t<div class=\"elementor-element elementor-element-c12f3ef e-flex e-con-boxed e-con e-parent\" data-id=\"c12f3ef\" data-element_type=\"container\" data-e-type=\"container\">\n\t\t\t\t\t<div class=\"e-con-inner\">\n\t\t\t\t\t<\/div>\n\t\t\t\t<\/div>\n\t\t\t\t<\/div>","protected":false},"excerpt":{"rendered":"<p>Alas car hire est situ\u00e9 dans la municipalit\u00e9 de Salangen, dans le comt\u00e9 de Troms. Nous sommes parfaitement situ\u00e9s si vous venez dans le nord de la Norv\u00e8ge pour d\u00e9couvrir la nature.<\/p>","protected":false},"featured_media":686,"parent":0,"menu_order":0,"template":"","format":"standard","meta":{"_acf_changed":false,"footnotes":""},"alas-anbefaling-kategori":[34],"class_list":["post-830","alas-anbefaling","type-alas-anbefaling","status-publish","format-standard","has-post-thumbnail","hentry","alas-anbefaling-kategori-alas_anbefaling"],"acf":[],"yoast_head":"<!-- This site is optimized with the Yoast SEO plugin v27.4 - https:\/\/yoast.com\/product\/yoast-seo-wordpress\/ -->\n<title>Nord-Norge med Alas Leiebil -<\/title>\n<meta name=\"description\" content=\"Leiebil i Nord-Norge! Opplev nordlys, fjell og vakker natur fra Salangen. Bilen leveres til flyplassen. Din eventyrreise starter her!\" \/>\n<meta name=\"robots\" content=\"index, follow, max-snippet:-1, max-image-preview:large, max-video-preview:-1\" \/>\n<link rel=\"canonical\" href=\"https:\/\/www.alas.no\/fr\/recommandation-de-lala\/location-de-voitures-dans-le-nord-de-la-norvege-alas-car-hire\/\" \/>\n<meta property=\"og:locale\" content=\"fr_FR\" \/>\n<meta property=\"og:type\" content=\"article\" \/>\n<meta property=\"og:title\" content=\"Nord-Norge med Alas Leiebil -\" \/>\n<meta property=\"og:description\" content=\"Leiebil i Nord-Norge! Opplev nordlys, fjell og vakker natur fra Salangen. Bilen leveres til flyplassen. Din eventyrreise starter her!\" \/>\n<meta property=\"og:url\" content=\"https:\/\/www.alas.no\/fr\/recommandation-de-lala\/location-de-voitures-dans-le-nord-de-la-norvege-alas-car-hire\/\" \/>\n<meta property=\"og:site_name\" content=\"Alas Leiebil\" \/>\n<meta property=\"article:modified_time\" content=\"2025-04-18T12:06:04+00:00\" \/>\n<meta property=\"og:image\" content=\"https:\/\/mlyn8ia8asew.i.optimole.com\/w:auto\/h:auto\/q:mauto\/f:best\/https:\/\/www.alas.no\/wp-content\/uploads\/2024\/09\/forste-innlegg-alas-logg-scaled.jpg\" \/>\n\t<meta property=\"og:image:width\" content=\"2560\" \/>\n\t<meta property=\"og:image:height\" content=\"1707\" \/>\n\t<meta property=\"og:image:type\" content=\"image\/jpeg\" \/>\n<meta name=\"twitter:card\" content=\"summary_large_image\" \/>\n<meta name=\"twitter:label1\" content=\"Dur\u00e9e de lecture estim\u00e9e\" \/>\n\t<meta name=\"twitter:data1\" content=\"1 minute\" \/>\n<script type=\"application\/ld+json\" class=\"yoast-schema-graph\">{\"@context\":\"https:\\\/\\\/schema.org\",\"@graph\":[{\"@type\":\"WebPage\",\"@id\":\"https:\\\/\\\/www.alas.no\\\/alas-anbefaling\\\/leiebil-i-nord-norge-alas-leiebil\\\/\",\"url\":\"https:\\\/\\\/www.alas.no\\\/alas-anbefaling\\\/leiebil-i-nord-norge-alas-leiebil\\\/\",\"name\":\"Nord-Norge med Alas Leiebil -\",\"isPartOf\":{\"@id\":\"https:\\\/\\\/www.alas.no\\\/#website\"},\"primaryImageOfPage\":{\"@id\":\"https:\\\/\\\/www.alas.no\\\/alas-anbefaling\\\/leiebil-i-nord-norge-alas-leiebil\\\/#primaryimage\"},\"image\":{\"@id\":\"https:\\\/\\\/www.alas.no\\\/alas-anbefaling\\\/leiebil-i-nord-norge-alas-leiebil\\\/#primaryimage\"},\"thumbnailUrl\":\"https:\\/\\/www.alas.no\\/wp-content\\/uploads\\/2024\\/09\\/forste-innlegg-alas-logg-scaled.jpg\",\"datePublished\":\"2024-09-19T08:35:07+00:00\",\"dateModified\":\"2025-04-18T12:06:04+00:00\",\"description\":\"Leiebil i Nord-Norge! Opplev nordlys, fjell og vakker natur fra Salangen. Bilen leveres til flyplassen. Din eventyrreise starter her!\",\"breadcrumb\":{\"@id\":\"https:\\\/\\\/www.alas.no\\\/alas-anbefaling\\\/leiebil-i-nord-norge-alas-leiebil\\\/#breadcrumb\"},\"inLanguage\":\"fr-FR\",\"potentialAction\":[{\"@type\":\"ReadAction\",\"target\":[\"https:\\\/\\\/www.alas.no\\\/alas-anbefaling\\\/leiebil-i-nord-norge-alas-leiebil\\\/\"]}]},{\"@type\":\"ImageObject\",\"inLanguage\":\"fr-FR\",\"@id\":\"https:\\\/\\\/www.alas.no\\\/alas-anbefaling\\\/leiebil-i-nord-norge-alas-leiebil\\\/#primaryimage\",\"url\":\"https:\\/\\/www.alas.no\\/wp-content\\/uploads\\/2024\\/09\\/forste-innlegg-alas-logg-scaled.jpg\",\"contentUrl\":\"https:\\/\\/www.alas.no\\/wp-content\\/uploads\\/2024\\/09\\/forste-innlegg-alas-logg-scaled.jpg\",\"width\":2560,\"height\":1707,\"caption\":\"Bildet viser majestetiske fjell i Nord Norge med et variert skydekke i bakgrunnen. Foran er et vann omgitt av vakker lynghei, som gir en f\u00f8lelse av ro og naturlig skj\u00f8nnhet. --- Si ifra hvis du \u00f8nsker ytterligere redigeringer!\"},{\"@type\":\"BreadcrumbList\",\"@id\":\"https:\\\/\\\/www.alas.no\\\/alas-anbefaling\\\/leiebil-i-nord-norge-alas-leiebil\\\/#breadcrumb\",\"itemListElement\":[{\"@type\":\"ListItem\",\"position\":1,\"name\":\"Home\",\"item\":\"https:\\\/\\\/www.alas.no\\\/\"},{\"@type\":\"ListItem\",\"position\":2,\"name\":\"Nord-Norge med Alas Leiebil\"}]},{\"@type\":\"WebSite\",\"@id\":\"https:\\\/\\\/www.alas.no\\\/#website\",\"url\":\"https:\\\/\\\/www.alas.no\\\/\",\"name\":\"Alas Leiebil\",\"description\":\"My website\",\"potentialAction\":[{\"@type\":\"SearchAction\",\"target\":{\"@type\":\"EntryPoint\",\"urlTemplate\":\"https:\\\/\\\/www.alas.no\\\/?s={search_term_string}\"},\"query-input\":{\"@type\":\"PropertyValueSpecification\",\"valueRequired\":true,\"valueName\":\"search_term_string\"}}],\"inLanguage\":\"fr-FR\"}]}<\/script>\n<!-- \/ Yoast SEO plugin. -->","yoast_head_json":{"title":"Le nord de la Norv\u00e8ge avec Alas car hire","description":"Location de voiture dans le nord de la Norv\u00e8ge ! D\u00e9couvrez les aurores bor\u00e9ales, les montagnes et la nature magnifique depuis Salangen. La voiture est livr\u00e9e \u00e0 l'a\u00e9roport. Votre voyage d'aventure commence ici !","robots":{"index":"index","follow":"follow","max-snippet":"max-snippet:-1","max-image-preview":"max-image-preview:large","max-video-preview":"max-video-preview:-1"},"canonical":"https:\/\/www.alas.no\/fr\/recommandation-de-lala\/location-de-voitures-dans-le-nord-de-la-norvege-alas-car-hire\/","og_locale":"fr_FR","og_type":"article","og_title":"Nord-Norge med Alas Leiebil -","og_description":"Leiebil i Nord-Norge! Opplev nordlys, fjell og vakker natur fra Salangen. Bilen leveres til flyplassen. Din eventyrreise starter her!","og_url":"https:\/\/www.alas.no\/fr\/recommandation-de-lala\/location-de-voitures-dans-le-nord-de-la-norvege-alas-car-hire\/","og_site_name":"Alas Leiebil","article_modified_time":"2025-04-18T12:06:04+00:00","og_image":[{"width":2560,"height":1707,"url":"https:\/\/mlyn8ia8asew.i.optimole.com\/w:auto\/h:auto\/q:mauto\/f:best\/https:\/\/www.alas.no\/wp-content\/uploads\/2024\/09\/forste-innlegg-alas-logg-scaled.jpg","type":"image\/jpeg"}],"twitter_card":"summary_large_image","twitter_misc":{"Dur\u00e9e de lecture estim\u00e9e":"1 minute"},"schema":{"@context":"https:\/\/schema.org","@graph":[{"@type":"WebPage","@id":"https:\/\/www.alas.no\/alas-anbefaling\/leiebil-i-nord-norge-alas-leiebil\/","url":"https:\/\/www.alas.no\/alas-anbefaling\/leiebil-i-nord-norge-alas-leiebil\/","name":"Le nord de la Norv\u00e8ge avec Alas car hire","isPartOf":{"@id":"https:\/\/www.alas.no\/#website"},"primaryImageOfPage":{"@id":"https:\/\/www.alas.no\/alas-anbefaling\/leiebil-i-nord-norge-alas-leiebil\/#primaryimage"},"image":{"@id":"https:\/\/www.alas.no\/alas-anbefaling\/leiebil-i-nord-norge-alas-leiebil\/#primaryimage"},"thumbnailUrl":"https:\/\/mlyn8ia8asew.i.optimole.com\/w:auto\/h:auto\/q:mauto\/f:best\/https:\/\/www.alas.no\/wp-content\/uploads\/2024\/09\/forste-innlegg-alas-logg-scaled.jpg","datePublished":"2024-09-19T08:35:07+00:00","dateModified":"2025-04-18T12:06:04+00:00","description":"Location de voiture dans le nord de la Norv\u00e8ge ! D\u00e9couvrez les aurores bor\u00e9ales, les montagnes et la nature magnifique depuis Salangen. La voiture est livr\u00e9e \u00e0 l'a\u00e9roport. Votre voyage d'aventure commence ici !","breadcrumb":{"@id":"https:\/\/www.alas.no\/alas-anbefaling\/leiebil-i-nord-norge-alas-leiebil\/#breadcrumb"},"inLanguage":"fr-FR","potentialAction":[{"@type":"ReadAction","target":["https:\/\/www.alas.no\/alas-anbefaling\/leiebil-i-nord-norge-alas-leiebil\/"]}]},{"@type":"ImageObject","inLanguage":"fr-FR","@id":"https:\/\/www.alas.no\/alas-anbefaling\/leiebil-i-nord-norge-alas-leiebil\/#primaryimage","url":"https:\/\/mlyn8ia8asew.i.optimole.com\/w:auto\/h:auto\/q:mauto\/f:best\/https:\/\/www.alas.no\/wp-content\/uploads\/2024\/09\/forste-innlegg-alas-logg-scaled.jpg","contentUrl":"https:\/\/mlyn8ia8asew.i.optimole.com\/w:auto\/h:auto\/q:mauto\/f:best\/https:\/\/www.alas.no\/wp-content\/uploads\/2024\/09\/forste-innlegg-alas-logg-scaled.jpg","width":2560,"height":1707,"caption":"Bildet viser majestetiske fjell i Nord Norge med et variert skydekke i bakgrunnen. Foran er et vann omgitt av vakker lynghei, som gir en f\u00f8lelse av ro og naturlig skj\u00f8nnhet. --- Si ifra hvis du \u00f8nsker ytterligere redigeringer!"},{"@type":"BreadcrumbList","@id":"https:\/\/www.alas.no\/alas-anbefaling\/leiebil-i-nord-norge-alas-leiebil\/#breadcrumb","itemListElement":[{"@type":"ListItem","position":1,"name":"Home","item":"https:\/\/www.alas.no\/"},{"@type":"ListItem","position":2,"name":"Nord-Norge med Alas Leiebil"}]},{"@type":"WebSite","@id":"https:\/\/www.alas.no\/#website","url":"https:\/\/www.alas.no\/","name":"Alas voiture de location","description":"Mon site web","potentialAction":[{"@type":"SearchAction","target":{"@type":"EntryPoint","urlTemplate":"https:\/\/www.alas.no\/?s={search_term_string}"},"query-input":{"@type":"PropertyValueSpecification","valueRequired":true,"valueName":"search_term_string"}}],"inLanguage":"fr-FR"}]}},"_links":{"self":[{"href":"https:\/\/www.alas.no\/fr\/wp-json\/wp\/v2\/alas-anbefaling\/830","targetHints":{"allow":["GET"]}}],"collection":[{"href":"https:\/\/www.alas.no\/fr\/wp-json\/wp\/v2\/alas-anbefaling"}],"about":[{"href":"https:\/\/www.alas.no\/fr\/wp-json\/wp\/v2\/types\/alas-anbefaling"}],"version-history":[{"count":20,"href":"https:\/\/www.alas.no\/fr\/wp-json\/wp\/v2\/alas-anbefaling\/830\/revisions"}],"predecessor-version":[{"id":2018,"href":"https:\/\/www.alas.no\/fr\/wp-json\/wp\/v2\/alas-anbefaling\/830\/revisions\/2018"}],"wp:featuredmedia":[{"embeddable":true,"href":"https:\/\/www.alas.no\/fr\/wp-json\/wp\/v2\/media\/686"}],"wp:attachment":[{"href":"https:\/\/www.alas.no\/fr\/wp-json\/wp\/v2\/media?parent=830"}],"wp:term":[{"taxonomy":"alas-anbefaling-kategori","embeddable":true,"href":"https:\/\/www.alas.no\/fr\/wp-json\/wp\/v2\/alas-anbefaling-kategori?post=830"}],"curies":[{"name":"wp","href":"https:\/\/api.w.org\/{rel}","templated":true}]}}

Le nord de la Norvège avec Alas car hire

<div data-elementor-type="wp-post" data-elementor-id="830" class="elementor elementor-830" data-elementor-post-type="alas-anbefaling">
				<div class="elementor-element elementor-element-ce4d94a e-con-full e-flex e-con e-parent" data-id="ce4d94a" data-element_type="container" data-e-type="container">
				<div class="elementor-element elementor-element-06e1999 elementor-widget elementor-widget-text-editor" data-id="06e1999" data-element_type="widget" data-e-type="widget" data-widget_type="text-editor.default">
				<div class="elementor-widget-container">
									<p>Vous cherchez à louer une voiture dans le nord de la Norvège ?  Alas car hire est situé dans la municipalité de Salangen, dans le comté de Troms. Nous sommes parfaitement situés si vous venez en Norvège du Nord pour vivre des expériences en pleine nature. Le rêve des aurores boréales, du soleil de minuit, des montagnes, des fjords et de la nature intacte n'est pas un rêve pour nous qui vivons ici. C'est la vie de tous les jours, et vous êtes invités ! N'hésitez pas à nous demander des conseils sur les lieux d'hébergement et les éléments à prendre en compte si vous n'êtes jamais venu dans la région. Si vous souhaitez visiter la région, trouver des endroits sans bruit pour photographier les aurores boréales, une voiture de location Alas vous emmènera là où vous voulez aller. Nous apportons la voiture à l'aéroport où vous arrivez. Nous la récupérons à votre départ.</p>								</div>
				</div>
				</div>
		<div class="elementor-element elementor-element-c12f3ef e-flex e-con-boxed e-con e-parent" data-id="c12f3ef" data-element_type="container" data-e-type="container">
					<div class="e-con-inner">
					</div>
				</div>
				</div>

<p>Alas car hire est situé dans la municipalité de Salangen, dans le comté de Troms. Nous sommes parfaitement situés si vous venez dans le nord de la Norvège pour découvrir la nature.</p>

<!-- This site is optimized with the Yoast SEO plugin v27.4 - https://yoast.com/product/yoast-seo-wordpress/ -->
<title>Nord-Norge med Alas Leiebil -</title>
<meta name="description" content="Leiebil i Nord-Norge! Opplev nordlys, fjell og vakker natur fra Salangen. Bilen leveres til flyplassen. Din eventyrreise starter her!" />
<meta name="robots" content="index, follow, max-snippet:-1, max-image-preview:large, max-video-preview:-1" />
<link rel="canonical" href="https://www.alas.no/fr/recommandation-de-lala/location-de-voitures-dans-le-nord-de-la-norvege-alas-car-hire/" />
<meta property="og:locale" content="fr_FR" />
<meta property="og:type" content="article" />
<meta property="og:title" content="Nord-Norge med Alas Leiebil -" />
<meta property="og:description" content="Leiebil i Nord-Norge! Opplev nordlys, fjell og vakker natur fra Salangen. Bilen leveres til flyplassen. Din eventyrreise starter her!" />
<meta property="og:url" content="https://www.alas.no/fr/recommandation-de-lala/location-de-voitures-dans-le-nord-de-la-norvege-alas-car-hire/" />
<meta property="og:site_name" content="Alas Leiebil" />
<meta property="article:modified_time" content="2025-04-18T12:06:04+00:00" />
<meta property="og:image" content="https://mlyn8ia8asew.i.optimole.com/w:auto/h:auto/q:mauto/f:best/https://www.alas.no/wp-content/uploads/2024/09/forste-innlegg-alas-logg-scaled.jpg" />
	<meta property="og:image:width" content="2560" />
	<meta property="og:image:height" content="1707" />
	<meta property="og:image:type" content="image/jpeg" />
<meta name="twitter:card" content="summary_large_image" />
<meta name="twitter:label1" content="Durée de lecture estimée" />
	<meta name="twitter:data1" content="1 minute" />
<script type="application/ld+json" class="yoast-schema-graph">{"@context":"https:\/\/schema.org","@graph":[{"@type":"WebPage","@id":"https:\/\/www.alas.no\/alas-anbefaling\/leiebil-i-nord-norge-alas-leiebil\/","url":"https:\/\/www.alas.no\/alas-anbefaling\/leiebil-i-nord-norge-alas-leiebil\/","name":"Nord-Norge med Alas Leiebil -","isPartOf":{"@id":"https:\/\/www.alas.no\/#website"},"primaryImageOfPage":{"@id":"https:\/\/www.alas.no\/alas-anbefaling\/leiebil-i-nord-norge-alas-leiebil\/#primaryimage"},"image":{"@id":"https:\/\/www.alas.no\/alas-anbefaling\/leiebil-i-nord-norge-alas-leiebil\/#primaryimage"},"thumbnailUrl":"https:\/\/www.alas.no\/wp-content\/uploads\/2024\/09\/forste-innlegg-alas-logg-scaled.jpg","datePublished":"2024-09-19T08:35:07+00:00","dateModified":"2025-04-18T12:06:04+00:00","description":"Leiebil i Nord-Norge! Opplev nordlys, fjell og vakker natur fra Salangen. Bilen leveres til flyplassen. Din eventyrreise starter her!","breadcrumb":{"@id":"https:\/\/www.alas.no\/alas-anbefaling\/leiebil-i-nord-norge-alas-leiebil\/#breadcrumb"},"inLanguage":"fr-FR","potentialAction":[{"@type":"ReadAction","target":["https:\/\/www.alas.no\/alas-anbefaling\/leiebil-i-nord-norge-alas-leiebil\/"]}]},{"@type":"ImageObject","inLanguage":"fr-FR","@id":"https:\/\/www.alas.no\/alas-anbefaling\/leiebil-i-nord-norge-alas-leiebil\/#primaryimage","url":"https:\/\/www.alas.no\/wp-content\/uploads\/2024\/09\/forste-innlegg-alas-logg-scaled.jpg","contentUrl":"https:\/\/www.alas.no\/wp-content\/uploads\/2024\/09\/forste-innlegg-alas-logg-scaled.jpg","width":2560,"height":1707,"caption":"Bildet viser majestetiske fjell i Nord Norge med et variert skydekke i bakgrunnen. Foran er et vann omgitt av vakker lynghei, som gir en følelse av ro og naturlig skjønnhet. --- Si ifra hvis du ønsker ytterligere redigeringer!"},{"@type":"BreadcrumbList","@id":"https:\/\/www.alas.no\/alas-anbefaling\/leiebil-i-nord-norge-alas-leiebil\/#breadcrumb","itemListElement":[{"@type":"ListItem","position":1,"name":"Home","item":"https:\/\/www.alas.no\/"},{"@type":"ListItem","position":2,"name":"Nord-Norge med Alas Leiebil"}]},{"@type":"WebSite","@id":"https:\/\/www.alas.no\/#website","url":"https:\/\/www.alas.no\/","name":"Alas Leiebil","description":"My website","potentialAction":[{"@type":"SearchAction","target":{"@type":"EntryPoint","urlTemplate":"https:\/\/www.alas.no\/?s={search_term_string}"},"query-input":{"@type":"PropertyValueSpecification","valueRequired":true,"valueName":"search_term_string"}}],"inLanguage":"fr-FR"}]}</script>
<!-- / Yoast SEO plugin. -->

Location de voiture dans le nord de la Norvège ! Découvrez les aurores boréales, les montagnes et la nature magnifique depuis Salangen. La voiture est livrée à l'aéroport. Votre voyage d'aventure commence ici !

Bildet viser majestetiske fjell i Nord Norge med et variert skydekke i bakgrunnen. Foran er et vann omgitt av vakker lynghei, som gir en følelse av ro og naturlig skjønnhet. --- Si ifra hvis du ønsker ytterligere redigeringer!
