{"id":1849,"date":"2025-03-07T07:12:07","date_gmt":"2025-03-07T07:12:07","guid":{"rendered":"https:\/\/www.alas.no\/?post_type=alas-log&#038;p=1849"},"modified":"2025-03-07T08:24:35","modified_gmt":"2025-03-07T08:24:35","slug":"wir-haben-zehn-tage-in-norwegen-verbracht","status":"publish","type":"alas-log","link":"https:\/\/www.alas.no\/de\/alas-log\/vi-var-ti-dager-i-norge\/","title":{"rendered":"Wir haben zehn Tage in Norwegen verbracht"},"content":{"rendered":"<div data-elementor-type=\"wp-post\" data-elementor-id=\"1849\" class=\"elementor elementor-1849\" data-elementor-post-type=\"alas-log\">\n\t\t\t\t<div class=\"elementor-element elementor-element-e3cc95e e-flex e-con-boxed e-con e-parent\" data-id=\"e3cc95e\" data-element_type=\"container\" data-e-type=\"container\">\n\t\t\t\t\t<div class=\"e-con-inner\">\n\t\t\t\t<div class=\"elementor-element elementor-element-6d23c1a elementor-widget elementor-widget-text-editor\" data-id=\"6d23c1a\" data-element_type=\"widget\" data-e-type=\"widget\" data-widget_type=\"text-editor.default\">\n\t\t\t\t<div class=\"elementor-widget-container\">\n\t\t\t\t\t\t\t\t\t<p>3. M\u00e4rz 2025<\/p><p>Wir waren zehn Tage in Norwegen, um die Nordlichter zu sehen, und dieses Auto war unser Werkzeug, um sie zu finden! Wir haben Fjorde gesehen und hatten Gl\u00fcck, dass nicht viel Schnee gefallen ist.<\/p><p>Wir waren im Polar Park, haben Polarf\u00fcchse gef\u00fcttert, das war toll!<\/p><p>Wir lieben auch Senja, die Nationale Touristenroute war sehr sch\u00f6n.<\/p><p>Die Vermietung war so einfach und gut, dass wir hoffen, bald mit einem Zelt zur\u00fcckzukehren!<\/p><p>Herzlichen Dank! Valerie, Hippolyte und Lou.<\/p>\t\t\t\t\t\t\t\t<\/div>\n\t\t\t\t<\/div>\n\t\t\t\t\t<\/div>\n\t\t\t\t<\/div>\n\t\t<div class=\"elementor-element elementor-element-cfc8b1b e-flex e-con-boxed e-con e-parent\" data-id=\"cfc8b1b\" data-element_type=\"container\" data-e-type=\"container\">\n\t\t\t\t\t<div class=\"e-con-inner\">\n\t\t\t\t\t<\/div>\n\t\t\t\t<\/div>\n\t\t\t\t<\/div>","protected":false},"excerpt":{"rendered":"<p>Wir waren zehn Tage in Norwegen, um die Nordlichter zu sehen, und dieses Auto war unser Werkzeug, um sie zu finden!<\/p>","protected":false},"featured_media":0,"parent":0,"menu_order":0,"comment_status":"closed","ping_status":"closed","template":"","format":"standard","meta":{"_acf_changed":false,"footnotes":""},"alas-log-kategori":[36,32],"class_list":["post-1849","alas-log","type-alas-log","status-publish","format-standard","hentry","alas-log-kategori-alle-alas-log-innlegg","alas-log-kategori-fra-kunder"],"acf":[],"yoast_head":"<!-- This site is optimized with the Yoast SEO plugin v27.4 - https:\/\/yoast.com\/product\/yoast-seo-wordpress\/ -->\n<title>Vi var ti dager i Norge - Alas Leiebil<\/title>\n<meta name=\"robots\" content=\"index, follow, max-snippet:-1, max-image-preview:large, max-video-preview:-1\" \/>\n<link rel=\"canonical\" href=\"https:\/\/www.alas.no\/de\/leider-umstandlich\/wir-haben-zehn-tage-in-norwegen-verbracht\/\" \/>\n<meta property=\"og:locale\" content=\"de_DE\" \/>\n<meta property=\"og:type\" content=\"article\" \/>\n<meta property=\"og:title\" content=\"Vi var ti dager i Norge - Alas Leiebil\" \/>\n<meta property=\"og:description\" content=\"Vi var ti dager i Norge for \u00e5 se nordlys, denne bilen var v\u00e5rt verkt\u00f8y for \u00e5 finne det!\" \/>\n<meta property=\"og:url\" content=\"https:\/\/www.alas.no\/de\/leider-umstandlich\/wir-haben-zehn-tage-in-norwegen-verbracht\/\" \/>\n<meta property=\"og:site_name\" content=\"Alas Leiebil\" \/>\n<meta property=\"article:modified_time\" content=\"2025-03-07T08:24:35+00:00\" \/>\n<meta property=\"og:image\" content=\"https:\/\/mlyn8ia8asew.i.optimole.com\/w:auto\/h:auto\/q:mauto\/f:best\/https:\/\/www.alas.no\/wp-content\/uploads\/2024\/10\/facebook-bilde-2.png\" \/>\n\t<meta property=\"og:image:width\" content=\"1200\" \/>\n\t<meta property=\"og:image:height\" content=\"628\" \/>\n\t<meta property=\"og:image:type\" content=\"image\/png\" \/>\n<meta name=\"twitter:card\" content=\"summary_large_image\" \/>\n<meta name=\"twitter:label1\" content=\"Gesch\u00e4tzte Lesezeit\" \/>\n\t<meta name=\"twitter:data1\" content=\"1\u00a0Minute\" \/>\n<script type=\"application\/ld+json\" class=\"yoast-schema-graph\">{\"@context\":\"https:\\\/\\\/schema.org\",\"@graph\":[{\"@type\":\"WebPage\",\"@id\":\"https:\\\/\\\/www.alas.no\\\/alas-log\\\/vi-var-ti-dager-i-norge\\\/\",\"url\":\"https:\\\/\\\/www.alas.no\\\/alas-log\\\/vi-var-ti-dager-i-norge\\\/\",\"name\":\"Vi var ti dager i Norge - Alas Leiebil\",\"isPartOf\":{\"@id\":\"https:\\\/\\\/www.alas.no\\\/#website\"},\"datePublished\":\"2025-03-07T07:12:07+00:00\",\"dateModified\":\"2025-03-07T08:24:35+00:00\",\"breadcrumb\":{\"@id\":\"https:\\\/\\\/www.alas.no\\\/alas-log\\\/vi-var-ti-dager-i-norge\\\/#breadcrumb\"},\"inLanguage\":\"de\",\"potentialAction\":[{\"@type\":\"ReadAction\",\"target\":[\"https:\\\/\\\/www.alas.no\\\/alas-log\\\/vi-var-ti-dager-i-norge\\\/\"]}]},{\"@type\":\"BreadcrumbList\",\"@id\":\"https:\\\/\\\/www.alas.no\\\/alas-log\\\/vi-var-ti-dager-i-norge\\\/#breadcrumb\",\"itemListElement\":[{\"@type\":\"ListItem\",\"position\":1,\"name\":\"Home\",\"item\":\"https:\\\/\\\/www.alas.no\\\/\"},{\"@type\":\"ListItem\",\"position\":2,\"name\":\"Alas Log\",\"item\":\"https:\\\/\\\/www.alas.no\\\/es\\\/alas-log\\\/\"},{\"@type\":\"ListItem\",\"position\":3,\"name\":\"Vi var ti dager i Norge\"}]},{\"@type\":\"WebSite\",\"@id\":\"https:\\\/\\\/www.alas.no\\\/#website\",\"url\":\"https:\\\/\\\/www.alas.no\\\/\",\"name\":\"Alas Leiebil\",\"description\":\"My website\",\"potentialAction\":[{\"@type\":\"SearchAction\",\"target\":{\"@type\":\"EntryPoint\",\"urlTemplate\":\"https:\\\/\\\/www.alas.no\\\/?s={search_term_string}\"},\"query-input\":{\"@type\":\"PropertyValueSpecification\",\"valueRequired\":true,\"valueName\":\"search_term_string\"}}],\"inLanguage\":\"de\"}]}<\/script>\n<!-- \/ Yoast SEO plugin. -->","yoast_head_json":{"title":"Wir waren zehn Tage in Norwegen - Alas Car Hire","robots":{"index":"index","follow":"follow","max-snippet":"max-snippet:-1","max-image-preview":"max-image-preview:large","max-video-preview":"max-video-preview:-1"},"canonical":"https:\/\/www.alas.no\/de\/leider-umstandlich\/wir-haben-zehn-tage-in-norwegen-verbracht\/","og_locale":"de_DE","og_type":"article","og_title":"Vi var ti dager i Norge - Alas Leiebil","og_description":"Vi var ti dager i Norge for \u00e5 se nordlys, denne bilen var v\u00e5rt verkt\u00f8y for \u00e5 finne det!","og_url":"https:\/\/www.alas.no\/de\/leider-umstandlich\/wir-haben-zehn-tage-in-norwegen-verbracht\/","og_site_name":"Alas Leiebil","article_modified_time":"2025-03-07T08:24:35+00:00","og_image":[{"width":1200,"height":628,"url":"https:\/\/mlyn8ia8asew.i.optimole.com\/w:auto\/h:auto\/q:mauto\/f:best\/https:\/\/www.alas.no\/wp-content\/uploads\/2024\/10\/facebook-bilde-2.png","type":"image\/png"}],"twitter_card":"summary_large_image","twitter_misc":{"Gesch\u00e4tzte Lesezeit":"1\u00a0Minute"},"schema":{"@context":"https:\/\/schema.org","@graph":[{"@type":"WebPage","@id":"https:\/\/www.alas.no\/alas-log\/vi-var-ti-dager-i-norge\/","url":"https:\/\/www.alas.no\/alas-log\/vi-var-ti-dager-i-norge\/","name":"Wir waren zehn Tage in Norwegen - Alas Car Hire","isPartOf":{"@id":"https:\/\/www.alas.no\/#website"},"datePublished":"2025-03-07T07:12:07+00:00","dateModified":"2025-03-07T08:24:35+00:00","breadcrumb":{"@id":"https:\/\/www.alas.no\/alas-log\/vi-var-ti-dager-i-norge\/#breadcrumb"},"inLanguage":"de","potentialAction":[{"@type":"ReadAction","target":["https:\/\/www.alas.no\/alas-log\/vi-var-ti-dager-i-norge\/"]}]},{"@type":"BreadcrumbList","@id":"https:\/\/www.alas.no\/alas-log\/vi-var-ti-dager-i-norge\/#breadcrumb","itemListElement":[{"@type":"ListItem","position":1,"name":"Home","item":"https:\/\/www.alas.no\/"},{"@type":"ListItem","position":2,"name":"Alas Log","item":"https:\/\/www.alas.no\/es\/alas-log\/"},{"@type":"ListItem","position":3,"name":"Vi var ti dager i Norge"}]},{"@type":"WebSite","@id":"https:\/\/www.alas.no\/#website","url":"https:\/\/www.alas.no\/","name":"Alas Autovermietung","description":"Meine Website","potentialAction":[{"@type":"SearchAction","target":{"@type":"EntryPoint","urlTemplate":"https:\/\/www.alas.no\/?s={search_term_string}"},"query-input":{"@type":"PropertyValueSpecification","valueRequired":true,"valueName":"search_term_string"}}],"inLanguage":"de"}]}},"_links":{"self":[{"href":"https:\/\/www.alas.no\/de\/wp-json\/wp\/v2\/alas-log\/1849","targetHints":{"allow":["GET"]}}],"collection":[{"href":"https:\/\/www.alas.no\/de\/wp-json\/wp\/v2\/alas-log"}],"about":[{"href":"https:\/\/www.alas.no\/de\/wp-json\/wp\/v2\/types\/alas-log"}],"replies":[{"embeddable":true,"href":"https:\/\/www.alas.no\/de\/wp-json\/wp\/v2\/comments?post=1849"}],"version-history":[{"count":7,"href":"https:\/\/www.alas.no\/de\/wp-json\/wp\/v2\/alas-log\/1849\/revisions"}],"predecessor-version":[{"id":1857,"href":"https:\/\/www.alas.no\/de\/wp-json\/wp\/v2\/alas-log\/1849\/revisions\/1857"}],"wp:attachment":[{"href":"https:\/\/www.alas.no\/de\/wp-json\/wp\/v2\/media?parent=1849"}],"wp:term":[{"taxonomy":"alas-log-kategori","embeddable":true,"href":"https:\/\/www.alas.no\/de\/wp-json\/wp\/v2\/alas-log-kategori?post=1849"}],"curies":[{"name":"wp","href":"https:\/\/api.w.org\/{rel}","templated":true}]}}

<div data-elementor-type="wp-post" data-elementor-id="1849" class="elementor elementor-1849" data-elementor-post-type="alas-log">
				<div class="elementor-element elementor-element-e3cc95e e-flex e-con-boxed e-con e-parent" data-id="e3cc95e" data-element_type="container" data-e-type="container">
					<div class="e-con-inner">
				<div class="elementor-element elementor-element-6d23c1a elementor-widget elementor-widget-text-editor" data-id="6d23c1a" data-element_type="widget" data-e-type="widget" data-widget_type="text-editor.default">
				<div class="elementor-widget-container">
									<p>3. März 2025</p><p>Wir waren zehn Tage in Norwegen, um die Nordlichter zu sehen, und dieses Auto war unser Werkzeug, um sie zu finden! Wir haben Fjorde gesehen und hatten Glück, dass nicht viel Schnee gefallen ist.</p><p>Wir waren im Polar Park, haben Polarfüchse gefüttert, das war toll!</p><p>Wir lieben auch Senja, die Nationale Touristenroute war sehr schön.</p><p>Die Vermietung war so einfach und gut, dass wir hoffen, bald mit einem Zelt zurückzukehren!</p><p>Herzlichen Dank! Valerie, Hippolyte und Lou.</p>								</div>
				</div>
					</div>
				</div>
		<div class="elementor-element elementor-element-cfc8b1b e-flex e-con-boxed e-con e-parent" data-id="cfc8b1b" data-element_type="container" data-e-type="container">
					<div class="e-con-inner">
					</div>
				</div>
				</div>

<!-- This site is optimized with the Yoast SEO plugin v27.4 - https://yoast.com/product/yoast-seo-wordpress/ -->
<title>Vi var ti dager i Norge - Alas Leiebil</title>
<meta name="robots" content="index, follow, max-snippet:-1, max-image-preview:large, max-video-preview:-1" />
<link rel="canonical" href="https://www.alas.no/de/leider-umstandlich/wir-haben-zehn-tage-in-norwegen-verbracht/" />
<meta property="og:locale" content="de_DE" />
<meta property="og:type" content="article" />
<meta property="og:title" content="Vi var ti dager i Norge - Alas Leiebil" />
<meta property="og:description" content="Vi var ti dager i Norge for å se nordlys, denne bilen var vårt verktøy for å finne det!" />
<meta property="og:url" content="https://www.alas.no/de/leider-umstandlich/wir-haben-zehn-tage-in-norwegen-verbracht/" />
<meta property="og:site_name" content="Alas Leiebil" />
<meta property="article:modified_time" content="2025-03-07T08:24:35+00:00" />
<meta property="og:image" content="https://mlyn8ia8asew.i.optimole.com/w:auto/h:auto/q:mauto/f:best/https://www.alas.no/wp-content/uploads/2024/10/facebook-bilde-2.png" />
	<meta property="og:image:width" content="1200" />
	<meta property="og:image:height" content="628" />
	<meta property="og:image:type" content="image/png" />
<meta name="twitter:card" content="summary_large_image" />
<meta name="twitter:label1" content="Geschätzte Lesezeit" />
	<meta name="twitter:data1" content="1 Minute" />
<script type="application/ld+json" class="yoast-schema-graph">{"@context":"https:\/\/schema.org","@graph":[{"@type":"WebPage","@id":"https:\/\/www.alas.no\/alas-log\/vi-var-ti-dager-i-norge\/","url":"https:\/\/www.alas.no\/alas-log\/vi-var-ti-dager-i-norge\/","name":"Vi var ti dager i Norge - Alas Leiebil","isPartOf":{"@id":"https:\/\/www.alas.no\/#website"},"datePublished":"2025-03-07T07:12:07+00:00","dateModified":"2025-03-07T08:24:35+00:00","breadcrumb":{"@id":"https:\/\/www.alas.no\/alas-log\/vi-var-ti-dager-i-norge\/#breadcrumb"},"inLanguage":"de","potentialAction":[{"@type":"ReadAction","target":["https:\/\/www.alas.no\/alas-log\/vi-var-ti-dager-i-norge\/"]}]},{"@type":"BreadcrumbList","@id":"https:\/\/www.alas.no\/alas-log\/vi-var-ti-dager-i-norge\/#breadcrumb","itemListElement":[{"@type":"ListItem","position":1,"name":"Home","item":"https:\/\/www.alas.no\/"},{"@type":"ListItem","position":2,"name":"Alas Log","item":"https:\/\/www.alas.no\/es\/alas-log\/"},{"@type":"ListItem","position":3,"name":"Vi var ti dager i Norge"}]},{"@type":"WebSite","@id":"https:\/\/www.alas.no\/#website","url":"https:\/\/www.alas.no\/","name":"Alas Leiebil","description":"My website","potentialAction":[{"@type":"SearchAction","target":{"@type":"EntryPoint","urlTemplate":"https:\/\/www.alas.no\/?s={search_term_string}"},"query-input":{"@type":"PropertyValueSpecification","valueRequired":true,"valueName":"search_term_string"}}],"inLanguage":"de"}]}</script>
<!-- / Yoast SEO plugin. -->

Vi var ti dager i Norge for å se nordlys, denne bilen var vårt verktøy for å finne det!
